lse
Is 722885537 composite?
True
Is 112361333273 a prime number?
False
Is 13666018439 a prime number?
True
Is 33442748611 a composite number?
True
Is 1634090921 prime?
True
Is 168164507 prime?
False
Is 1417202803 a composite number?
True
Is 2354558509 a composite number?
True
Is 3945552263 a composite number?
True
Is 3641281269 a composite number?
True
Is 53924838421 composite?
True
Is 4952662885 a prime number?
False
Is 272315465 a prime number?
False
Is 1207294919 prime?
True
Is 94827426937 a prime number?
True
Is 2135908441 a composite number?
True
Is 2694046129 composite?
True
Is 9487405673 prime?
True
Is 2189865701 composite?
True
Is 8774791511 a composite number?
False
Is 4118302579 composite?
False
Is 12636209777 a composite number?
False
Is 717491017 composite?
True
Is 1489195217 a composite number?
False
Is 153438211 composite?
True
Is 5263329271 a composite number?
True
Is 14626049 composite?
True
Is 28015945 a composite number?
True
Is 1016016149 composite?
False
Is 139916147933 a composite number?
False
Is 1813898293 a composite number?
True
Is 5285159582 a prime number?
False
Is 5085279051 a prime number?
False
Is 2313989473 composite?
False
Is 207968903 a prime number?
False
Is 252572099 prime?
False
Is 557981359 prime?
False
Is 30502099587 a composite number?
True
Is 133390307 prime?
True
Is 1632332899 prime?
True
Is 414611389 a composite number?
False
Is 4250997899 prime?
True
Is 11472199307 a prime number?
True
Is 36142474486 prime?
False
Is 312785449 a composite number?
False
Is 326797109 a prime number?
True
Is 7054087081 a composite number?
True
Is 252277967 a prime number?
True
Is 3263478563 composite?
False
Is 7335434867 prime?
True
Is 441375391 prime?
False
Is 6189637154 composite?
True
Is 586687669 composite?
False
Is 41329091611 composite?
True
Is 103563059519 a prime number?
False
Is 37484601893 prime?
True
Is 6250499107 a composite number?
False
Is 401180783 prime?
True
Is 10587085079 composite?
True
Is 610415411 a prime number?
True
Is 40980209239 a composite number?
True
Is 3858231463 composite?
False
Is 25354947899 a prime number?
True
Is 1283435243 prime?
False
Is 8902128457 prime?
True
Is 3332712583 a prime number?
True
Is 170610599 a composite number?
False
Is 100532807 a composite number?
False
Is 1477765489 composite?
True
Is 446452145 composite?
True
Is 41149692877 prime?
False
Is 790581221 a prime number?
False
Is 83871926771 prime?
True
Is 12329383967 prime?
True
Is 7537310401 a prime number?
True
Is 76152229591 composite?
True
Is 1468208003 a prime number?
True
Is 1629280439 a prime number?
False
Is 79840771 a composite number?
True
Is 10981255939 a composite number?
False
Is 2115545381 a prime number?
False
Is 10371277 prime?
False
Is 134639693 a prime number?
True
Is 523679369 composite?
False
Is 16823762807 composite?
True
Is 601777651 a composite number?
True
Is 115079311 composite?
True
Is 869269469 composite?
True
Is 16131527057 composite?
True
Is 15614899 a prime number?
False
Is 3091274411 a prime number?
True
Is 12365603407 a prime number?
False
Is 5107026011 a composite number?
False
Is 455982151 a composite number?
False
Is 1509093647 a composite number?
False
Is 53968710193 a prime number?
False
Is 76845150379 composite?
False
Is 3153183497 prime?
True
Is 2777406685 composite?
True
Is 16375869827 a prime number?
False
Is 8906869 a prime number?
True
Is 9863500897 composite?
False
Is 50804651717 prime?
True
Is 1210771279 composite?
True
Is 1307834387 a prime number?
False
Is 256721039 a prime number?
True
Is 3102043819 a prime number?
False
Is 88472709355 composite?
True
Is 3005770567 prime?
False
Is 1186792291 composite?
False
Is 35310887539 a composite number?
True
Is 962635243 a composite number?
True
Is 508558711 a prime number?
False
Is 1591036469 prime?
False
Is 404216909 a composite number?
True
Is 1964828299 composite?
True
Is 10477252529 prime?
False
Is 39017208319 prime?
True
Is 23057382431 prime?
True
Is 201575813 a composite number?
False
Is 133805461 composite?
False
Is 12429722653 composite?
False
Is 430986331 a prime number?
True
Is 4125229 composite?
False
Is 24937772269 composite?
True
Is 648293461 a prime number?
False
Is 3292985191 composite?
False
Is 9079687697 composite?
True
Is 23934887597 prime?
False
Is 690731161 composite?
False
Is 191481002705 prime?
False
Is 3784263055 a composite number?
True
Is 6055155959 prime?
True
Is 6895738237 composite?
True
Is 5025530987 a composite number?
False
Is 2118441313 composite?
False
Is 1006010267 composite?
False
Is 7209209927 a composite number?
False
Is 300146233 composite?
True
Is 18971318057 prime?
True
Is 18598365067 a prime number?
True
Is 137559153761 a prime number?
False
Is 729296279 a composite number?
False
Is 131507093 prime?
True
Is 43970665147 composite?
False
Is 1087766281 composite?
True
Is 1061725317 a prime number?
False
Is 2399830079 prime?
False
Is 534627677 prime?
True
Is 87933553109 composite?
False
Is 39902327 a prime number?
True
Is 5178234011 composite?
False
Is 6277397 prime?
False
Is 944243351 prime?
False
Is 6832206289 composite?
False
Is 1258962121 prime?
True
Is 251421077 prime?
False
Is 84604839659 prime?
True
Is 192696997 a composite number?
False
Is 10687883449 a composite number?
True
Is 953051923 composite?
True
Is 30014201057 a prime number?
True
Is 74170291817 prime?
True
Is 13860007669 a composite number?
True
Is 41115122179 composite?
False
Is 555165913 a prime number?
False
Is 3176614654 prime?
False
Is 4831773083 a prime number?
True
Is 18858498115 composite?
True
Is 28050760973 a prime number?
False
Is 22834081331 a composite number?
False
Is 51969204173 composite?
True
Is 41991133397 a composite number?
False
Is 5634023698 composite?
True
Is 8496890907 a prime number?
False
Is 14034228917 a composite number?
False
Is 9204374749 composite?
True
Is 9074363491 prime?
False
Is 6278303011 prime?
True
Is 504679181 composite?
False
Is 6503803 composite?
False
Is 881762191 a composite number?
False
Is 102996862703 a composite number?
True
Is 258988783 a composite number?
False
Is 19266534179 prime?
False
Is 179537095933 prime?
False
Is 5835406903 a composite number?
True
Is 16031882534 a composite number?
True
Is 138463033 composite?
False
Is 1426387709 a prime number?
True
Is 2303548319 composite?
False
Is 46665721 a prime number?
False
Is 50165102467 a composite number?
False
Is 109313988559 a composite number?
False
Is 1274719799 a composite number?
False
Is 2176239607 composite?
False
Is 234805261 a prime number?
True
Is 424024531 composite?
True
Is 613933063 a composite number?
False
Is 6414397489 a composite number?
True
Is 1679432243 prime?
True
Is 1321305959 a prime number?
False
Is 1048627633 prime?
False
Is 4106618221 composite?
False
Is 63011506643 prime?
True
Is 2419684031 a prime number?
True
Is 10279378913 a prime number?
False
Is 224502673 a prime number?
True
Is 7849922473 prime?
False
Is 238818311 a composite number?
True
Is 1957877671 prime?
True
Is 5789510833 prime?
True
Is 1379748481 prime?
False
Is 131033729527 prime?
False
Is 324486109 prime?
True
Is 8115478099 a composite number?
True
Is 39411836407 a prime number?
False
Is 181179191 a prime number?
False
Is 570324257 composite?
True
Is 44972922707 composite?
False
Is 2098137149 a prime number?
False
Is 1419418981 prime?
True
Is 33467114951 prime?
False
Is 18242903231 prime?
False
Is 38141457643 composite?
False
Is 1226933549 a composite number?
False
Is 3486395369 prime?
True
Is 2000292527 composite?
False
Is 937170281 prime?
True
Is 86268466 prime?
False
Is 1520056441 prime?
False
Is 3847524661 a composite number?
True
Is 5559544681 a composite number?
True
Is 38094063457 a composite number?
True
Is 3658946777 a composite number?
True
Is 26277014135 a prime number?
False
Is 12516937997 a prime number?
True
Is 6870471731 a composite number?
True
Is 253903501 a composite number?
False
Is 2389570177 composite?
True
Is 1858843949 a composite number?
True
Is 32440512911 composite?
False
Is 77355846983 prime?
True
Is 13261850997 a prime number?
False
Is 9911464853 prime?
True
Is 65154612701 prime?
True
Is 14961547 prime?
False
Is 11667909889 prime?
False
Is 54772092079 a prime number?
True
Is 124921760461 a prime number?
Tru